a + r. Calculate the remainder when 101 is divided by j.
33
Suppose -840 = c - 5*c. Calculate the remainder when c is divided by (1/6)/(23*(-19)/(-1311))*142.
68
Let h = 929 - 576. Calculate the remainder when 8115 is divided by h.
349
Suppose -3*k + 2*p = -5*k + 1090, 0 = k + 5*p - 561. Calculate the remainder when k is divided by 4.
1
Suppose -2*v - 5*j = -585, -2*v + 5*j = -547 - 88. Suppose h = -m + 116, 3*h = -4*m + v + 42. What is the remainder when h is divided by 15?
12
Let w(u) = -u**2 + 11*u - 8. Let a be (-760)/(-50) + (-16)/(-20) + -1. Suppose 17 + 43 = a*c. What is the remainder when w(6) is divided by c?
2
Let m(o) = 28*o - 172. Calculate the remainder when 2373 is divided by m(10).
105
Suppose -14*n - 392 + 658 = 0. Suppose 0 = -26*t - n*t + 270. What is the remainder when 100 is divided by t?
4
Calculate the remainder when (-1)/17 - (-6 + (-492905)/119) is divided by 259.
4
Suppose c = 2*c - 3*y - 27, -3*y = -3. Calculate the remainder when 34 - 26 - (-4 + -285) is divided by c.
27
Let a = -15213 + 16159. What is the remainder when a is divided by 160?
146
Suppose 7*q - 3*p + 4*p - 2690 = 0, p + 5 = 0. Calculate the remainder when q is divided by 79.
69
Suppose -r + 1 = -2, -1319 = -5*k - 8*r. Calculate the remainder when k is divided by 124.
11
Let v = -107 - -118. Let z(f) = -8*f - 24 - v*f + 17*f. What is the remainder when 25 is divided by z(-14)?
1
Let r(q) = 8*q**2 + 4*q - 3. Suppose 8*o - 3*o - 5 = 0. Let i be r(o). What is the remainder when 67 is divided by ((-3 + i)/6)/(2/72)?
31
Let y(i) = i**3 + i**2 - 2*i - 2. Let u be y(-3). Let g = -7 - u. Let x(h) = 15*h - 564. Calculate the remainder when g is divided by x(38).
1
Let z = -520 + 367. Let l = -57 - z. Suppose -4*p + 36 = f + 63, -3*f + 36 = -p. What is the remainder when l is divided by f?
6
Let a be (6*2)/(12/16). Suppose 4*l - a = -0*l. Suppose l*g + 5*k - 2 = 26, k = 0. What is the remainder when 19 is divided by g?
5
Let u = 19631 + -19564. What is the remainder when 290 is divided by u?
22
Let w be 1/(10/(-4)) + (-2006)/(-590). Suppose -65 = -3*d - 5*a, 2*a - w = -d + 18. Calculate the remainder when 298 is divided by d.
23
Let r = -17 + 20. Suppose 0 = -189*z + 182*z. Suppose -11*d + 25 - r = z. Calculate the remainder when 15 is divided by d.
1
Suppose 10035 = -30*g + 10365. What is the remainder when 1541 is divided by g?
1
Calculate the remainder when 3 + (-59836)/(-16) + 7/(-28)*-1 is divided by 150.
143
Let k(m) = -18 + 27*m - m**2 + 20 - 3*m + 32*m - 3*m**2. What is the remainder when (4/5)/((-1)/(-5)) is divided by k(14)?
0
Let i = 29 + -25. Suppose -m + 8 = -2*p, 5*p - i*m + 8*m - 6 = 0. What is the remainder when 11 is divided by ((-2)/8)/((-85)/40 - p)?
1
Let k(s) = -2*s + 13. Suppose -3*h = -w, 2*w = 4*h - 3*h + 5. Let z be k(w). Suppose -z*c = -47 - 37. What is the remainder when c is divided by 5?
2
Suppose -3*s = s + 4*t - 4, -s + 21 = -4*t. Suppose 4*d = 27*j - 22*j + 1025, j = s*d - 1276. Calculate the remainder when d is divided by 6.
3
Suppose -591 = -24*g - 111. Calculate the remainder when 714 is divided by g.
14
Let j(r) = 7*r - 14. Let h(t) = -5*t + 63. Let w be h(12). Calculate the remainder when j(w) is divided by 2.
1
Let k(y) = y**3 + 31*y**2 - 13*y + 275. What is the remainder when 299 is divided by k(0)?
24
Let n = -55 + 95. Let c = n - -1. Let j = c + -39. What is the remainder when 6 is divided by j?
0
Suppose 0 = -9*u - 4*i + 4405, 4*u + 4*i = 1275 + 685. What is the remainder when u is divided by 179?
131
Let w(p) = 13*p + 37. Suppose 4*z = 4*l - 52, 17*l = 13*l + 5*z + 56. Calculate the remainder when w(l) is divided by 39.
37
What is the remainder when 4/(13/(5589 + 1)) is divided by 6?
4
Suppose -a = 5*k - 825, -74*k + 141 = -73*k + 5*a. Suppose -2*y + 5 = -y. Let h = y - -37. What is the remainder when k is divided by h?
40
Let k(y) = 39*y - 19. Let g be k(19). Suppose 3*c + q = g, -3*c - 5*q + 507 = -211. What is the remainder when c is divided by 27?
25
Suppose 75 = -6*y + 231. Let l(f) = -f**2 - 13*f + 25. Let b be l(-16). Let k(j) = -j + 52. Calculate the remainder when k(b) is divided by y.
23
Let n = 12977 - 10324. What is the remainder when n is divided by 880?
13
Suppose u - 107 = -5*p, -2*p = 4*u - p - 352. Suppose -143 = -5*k + 4*n, n - 5 = -2. Suppose -k - u = -2*f. What is the remainder when f is divided by 12?
11
Let t be 137/(2 + 0 - 1). Suppose 0*l - 2457 = -39*l - 7605. Let x = l + t. What is the remainder when 22 is divided by x?
2
Calculate the remainder when 159 is divided by -41 + 71 - (-4)/(8/10).
19
Suppose 0 = 18*x - 23*x + 905. Let l = -116 + x. Suppose -3*h + 0 = -n + 31, -3*n = -5*h - 97. What is the remainder when l is divided by n?
31
Let b(q) be the second derivative of -q**3 - 10*q**2 + 9*q. Let l be b(-4). Calculate the remainder when ((-94)/l)/(2/(-4)) is divided by 8.
7
Suppose -146*q + 360220 = 41*q + 30*q. Calculate the remainder when q is divided by 75.
10
Calculate the remainder when (-1 + 14)*(-5)/(60/(-2964)) is divided by 1602.
7
Calculate the remainder when ((-26)/(754/841))/(-1*(-1)/(-7)) is divided by 6.
5
Let a = 61 + -64. Let d be (a - 1 - 0) + 9. Suppose 54 = i + u, 2*u + 55 = i - d. What is the remainder when i is divided by 16?
8
Let h = -94 + 110. What is the remainder when 266 is divided by (-4)/h*1 + (-1302)/(-24)?
50
Suppose 6000 = 121*p - 2349. Calculate the remainder when p is divided by 7.
6
Let x = -763 + 522. Let u = 244 + x. Calculate the remainder when 9 is divided by u.
0
Let h(y) = 58*y - 239. Suppose 3*n - 216 = -33*n. What is the remainder when h(n) is divided by 22?
21
Suppose -3*b = -93*z + 94*z - 205, 0 = -3*z + 2*b + 538. Calculate the remainder when 550 is divided by z.
182
Suppose 360 - 369 = 3*n, 4*n - 2466 = -3*r. Calculate the remainder when 4130 is divided by r.
0
Suppose 2 = -g + 6. Let k be -3 + 3 + (8 - g). Suppose 2*u + u - 251 = -5*z, -16 = -k*z. Calculate the remainder when u is divided by 40.
37
Suppose -5087 - 6097 = -233*t. Calculate the remainder when ((238 + -1)/(-3))/(-1) is divided by t.
31
Suppose -15 = -2*y + 1. Suppose 0 = 7*s - 4*s - 15. Suppose 41 = 3*a + c - 3*c, -5*a + 60 = s*c. Calculate the remainder when a is divided by y.
5
Let v = 171 - 168. Suppose -v*l + 57 = -531. What is the remainder when l is divided by 11?
9
Suppose -30*a = -670 - 3890. Calculate the remainder when a is divided by 34.
16
Let r(p) be the first derivative of 117*p**2/2 - 20*p + 46. Calculate the remainder when r(2) is divided by 43.
42
Let u(z) = z**2 - 10*z + 3. Let j = -8895 + 8933. What is the remainder when j is divided by u(10)?
2
Let i(w) = w**2 + 27*w - 25. Calculate the remainder when 36 is divided by i(1).
0
Let r(q) = 24*q**2 - 21*q + 62. What is the remainder when 450 is divided by r(3)?
20
Let i(j) = -493*j - 1862. What is the remainder when 530 is divided by i(-4)?
90
Suppose 104*x + 22 = 1548 + 242. What is the remainder when 51626 is divided by x?
14
Suppose 5*c + 9 = -6, -5 = -2*j - c. Let q(m) = m**3 - 2*m**2 - 7*m + 5. What is the remainder when q(j) is divided by 5 + 1 + 0/13?
3
Suppose 10443 + 2375 = 3*m + 995. Calculate the remainder when m is divided by 17.
14
Suppose -22 = 5*c - 3*x, -c + 4*c + 22 = 4*x. Let w = 837 - 818. What is the remainder when c/(0 - -2)*-70 is divided by w?
13
Suppose 0*h - 4*g = 2*h - 74, 1 = g. Suppose 0 = 24*v - 34*v + 90. Calculate the remainder when h is divided by v.
8
Let r = 2582 - 2560. What is the remainder when 681 is divided by r?
21
Suppose 67 = 5*s - 19*i + 15*i, -5*s = -i - 88. Suppose -3*k - 50 + 425 = 0. Let u = -55 + k. What is the remainder when u is divided by s?
13
Suppose -2*c + 172 + 376 = 0. Let j = c - 31. Suppose 8*b - j - 101 = 0. What is the remainder when b is divided by 11?
10
Suppose 2*p - 296 = -3*h, 2*h - p + 2099 = 2280. Calculate the remainder when 293 is divided by h.
11
Calculate the remainder when -2*(8321/(-106) - 9/2) is divided by 33.
1
Calculate the remainder when 177 - ((-40)/8 - -7) is divided by 15*(7/(-14))/((-1)/2).
10
Let q be (-1137*3/(-18))/(10/(-20)). Let g = q + 462. What is the remainder when g is divided by 28?
27
Let t = -3750 + 4443. Calculate the remainder when t is divided by 218.
39
Suppose -8*r - 20 = -420. Let g be ((-4)/16)/((-3)/24). What is